+ v - (-28)/7?
3
Suppose 2*z - 2463 = 3*k, 32*k - 1239 = -z + 36*k. What is the thousands digit of z?
1
Suppose -25661 = -3*r + w - 8910, 27915 = 5*r - w. What is the units digit of r?
2
Let g(k) = 3*k + 118. What is the hundreds digit of g(3)?
1
Let v = 22 - 21. Suppose -2*n - v = -3*n - 3*g, -g = 4*n - 26. What is the units digit of n?
7
Let d = -20 + 39. Suppose -4*t - 2 + 6 = 0. Suppose t = 4*a - d. What is the units digit of a?
5
Let j = -35 - -107. Let z = j + -36. What is the tens digit of z?
3
Suppose 4*m - 4*c = 1340, 4*c = -10*m + 5*m + 1693. Suppose -5*g = -4*s - m, 3*g + s - 189 = -s. What is the tens digit of g?
6
Suppose 0 = y - 0*y - 2. Suppose -y*u = -r + 2 + 1, -u - 4*r = 24. Let k(l) = l**3 + 5*l**2 - l - 4. What is the units digit of k(u)?
6
Let r = 8 - 0. Suppose 3*u - r*u = -3*b - 25, -2*u = 2*b - 10. Let x = u + -2. What is the units digit of x?
3
Let m = 1092 + -417. What is the units digit of m?
5
Let r(c) = c + 32. What is the units digit of r(-8)?
4
Suppose 0 = -5*b - 2*z + z + 11787, -3*z + 7077 = 3*b. What is the hundreds digit of b?
3
Let c = 832 - 520. Suppose -2*t + c = -4*s + 6*s, -t = 4*s - 171. What is the units digit of t?
1
Let g(q) = 95*q**3 + 2*q - 2. Let f(i) = -i**2 + 7*i - 5. Let t be f(6). What is the units digit of g(t)?
5
Let f = -144 - 141. Let a = 571 + f. What is the units digit of a?
6
Let v = -53 + 288. What is the hundreds digit of v?
2
Suppose 5339 = 3*y - p, 5*y - 6*y - 2*p + 1789 = 0. What is the thousands digit of y?
1
Suppose -7*c + 9477 = -2801. What is the hundreds digit of c?
7
Let v(k) be the first derivative of 9*k**2/2 + 8*k - 18. What is the tens digit of v(2)?
2
Suppose 5*k - 5*a = 30, k + 8*a = 4*a + 1. Let p = 17 + -8. Suppose -k*t = -p*t + 100. What is the tens digit of t?
2
What is the hundreds digit of (-2)/(-2 - ((-210)/(-208) + -3))?
2
Let m be (8/6)/(5/15). Suppose v - 6*v + m*g + 28 = 0, 4*v - 4*g = 24. Suppose 2*b + 0*b - 5*u = 49, -3*b = v*u - 16. What is the units digit of b?
2
Suppose -152*b = -146*b - 5538. What is the hundreds digit of b?
9
Let l(x) = x**2 + 3. Let z be l(4). Let k = 0 - 4. Let m = z + k. What is the units digit of m?
5
Let t(g) be the first derivative of -31*g**4/4 - g**3/3 - g**2/2 - g + 5. What is the units digit of t(-1)?
0
Let i be 860/60 - 10/(-6). Let v = i + 8. What is the units digit of v?
4
Suppose 32 = 2*u + 5*i + 3, 3*i - 9 = 3*u. Suppose 0 = -j + u*x + 9, j - 3 = 2*j + 4*x. Suppose -j*w = -190 + 30. What is the units digit of w?
2
Let h(x) = 3*x + 67. What is the units digit of h(4)?
9
Suppose 2*k = 5*w + 1683, 0 = -4*w - k - k - 1350. Let g = w - -522. What is the units digit of g/4 + 6/(-24)?
6
Let o = 36 + -33. Suppose 8 = -3*j + 5*j. Suppose j*u + p = 13, 3*u + 0*u - 6 = o*p. What is the units digit of u?
3
Suppose 0 = 7*o - 4*o + 264. Let g be 7*(-4 + o/(-28)). What is the tens digit of g/2 - (4 + -39)?
3
Let y(r) = 5*r**2 - 43*r + 543. What is the hundreds digit of y(14)?
9
Let p(r) = 2*r**2 - 27*r - 10. Let u(v) = 15*v**2 - 3*v - 2. Let w be u(-1). What is the tens digit of p(w)?
7
Let m = -407 - -1067. Let a = m - 379. What is the hundreds digit of a?
2
Suppose -3*x - 129 = -4*z, -4*z = -5*x - 69 - 50. What is the units digit of (-35)/(-10)*z/21*24?
4
Suppose -6 = 3*k - 5*z, 4*k - 9 = 2*z - z. Suppose -k*h - 2*g + 5 = -3*g, 5*g = 2*h + 1. Suppose 0*j - h*j = -56. What is the units digit of j?
8
Suppose 3*z - 4*h + h - 12 = 0, -5*z - 2*h + 41 = 0. Suppose 0 = -2*f - z - 3. What is the units digit of 72/f*(-70)/21?
8
Suppose -3*v = -p - 4841, -12*v + 17*v + 4*p - 8091 = 0. What is the tens digit of v?
1
Let z = -234 - -607. What is the hundreds digit of z?
3
Suppose h - 30 = 3*h. Let n(a) = a**2 + 18*a + 21. Let u be n(h). What is the tens digit of (-666)/u - (-3)/(-4)?
2
Suppose 13 = -2*h - 1. Let j = 145 - h. What is the units digit of j?
2
Suppose -11277 - 20973 = -15*d. What is the hundreds digit of d?
1
Let f(j) = -2*j**3 + 7*j**2 + 5*j + 6. What is the hundreds digit of f(-8)?
4
Let u = 113 - 119. Let h(y) = y**2 + 6*y + 20. What is the tens digit of h(u)?
2
Suppose 10*k = 12*k - 290. Let m = 268 - k. What is the units digit of m?
3
Let x(j) = -j**3 - 2*j**2 + 5*j + 4. Let b be x(-3). Let g = b + -16. Let v = -9 - g. What is the units digit of v?
9
Let d(l) = 3*l**3 - 20*l**2 + 13*l + 29. Let p(n) = 4*n**3 - 30*n**2 + 19*n + 43. Let m(o) = 7*d(o) - 5*p(o). What is the tens digit of m(-10)?
2
Let v(s) = -25*s + 9. Let a be v(3). Let t = a + 94. What is the tens digit of t?
2
Let a = -439 - -1144. Suppose 0 = 5*h + 5*r - a + 165, -4*h + r = -442. What is the units digit of h?
0
Let a(b) = 43*b**2 - 3*b - 92. What is the hundreds digit of a(-7)?
0
Let c(t) = 151*t**2 + 1. Let f be c(-1). Let y be 1 + -1 - 392/(-4). Let k = f - y. What is the units digit of k?
4
Suppose -3*k = -0*u - u + 4, 4*u - 16 = -5*k. Suppose 540 = 4*y + 3*j, -2*y + u*j = -0*y - 248. What is the units digit of y?
2
Let u = -3 - 1. Let d(m) = -3*m - 3. Let a be d(u). Suppose -7*k = -a*k + 2. What is the units digit of k?
1
Let x = -614 + 939. Suppose -4*n - x = 11. Let z = n - -125. What is the tens digit of z?
4
Suppose a - 40 = -38. Let p = 6 + -6. Suppose 0*u + 5*u - 15 = p, a*u = 4*k - 170. What is the units digit of k?
4
Suppose -t - 7 = -9. Let g be t/5*30/(-2). What is the units digit of g/21 + 2040/35?
8
Let r(x) = 191*x + 100. What is the hundreds digit of r(11)?
2
What is the tens digit of -3 + -1 + 506 + 3?
0
Suppose -3*i - 26 = 388. Let w = i + 217. What is the tens digit of w?
7
Suppose 3*k - 741 = -5*c, 0*c + c = 0. What is the tens digit of k?
4
Let p be (-3 - (-39)/12) + (-30)/(-8). Suppose v = -p*q + 8*q - 100, -2*q - 2*v + 40 = 0. What is the units digit of q?
4
Let s = -18 + 26. Let w be (28 - s) + 2*1. Let q = w + 10. What is the tens digit of q?
3
Suppose 9 = 2*r - 5. Suppose -3 = -2*m + r. Suppose 4*i = m*g - 6, 5*g - 3*i = -i + 8. What is the units digit of g?
2
Let j be (-3)/(-3)*(-1)/(-1). Let s(u) = -u**3 - u**2 + 1. Let w(a) = 3*a**3 + 8*a**2 + 4*a - 6. Let n(c) = j*w(c) + 6*s(c). What is the units digit of n(-2)?
4
Suppose 2*s + 5*o - 280 = -0*o, -3*s - o = -394. What is the hundreds digit of s?
1
Let h(l) = l**3 + 7*l**2 - 11*l - 12. Let r(d) = d. Let z be r(-7). What is the units digit of h(z)?
5
Let n(h) = -85*h**3 + 3*h**2 + 2*h - 3. What is the hundreds digit of n(-2)?
6
Let u(t) = -t**3 - 4*t**2 - t - 4. Let n be u(-4). Suppose -11*a + 114 = -5*a. Suppose z + n*z - a = 0. What is the units digit of z?
9
Suppose 5*f = 5*j - 320, 60 = -f + j + 2*j. Let l = -21 - f. What is the tens digit of l?
4
Let h be (2/5)/(8/100). Suppose 2*l + m = -3*m + 146, h*l + 3*m - 386 = 0. What is the units digit of l?
9
Suppose -49 - 2 = -u. Suppose -273 = -4*t + u. What is the units digit of t?
1
Suppose 28*x = 23614 + 1614. What is the hundreds digit of x?
9
Let g = -12 - -15. Let a(o) = -10*o**g + 7*o + 13*o**2 + 24*o**3 - 13*o**3 + 0 - 12. What is the tens digit of a(-12)?
4
Suppose -37*c + 5*a = -35*c - 2214, c + 2*a = 1107. What is the tens digit of c?
0
Let s(v) be the third derivative of 7*v**2 + 0 + 0*v - 1/6*v**3 - 7/8*v**4. What is the units digit of s(-2)?
1
Suppose 0*d - 34 = -d. Suppose 10*f - d = 12*f. What is the tens digit of ((-51)/f)/((-1)/(-5))?
1
Let w(s) = 3*s - 3*s + 1 - 10*s**2 + 27*s**2. Let i be w(-1). Suppose -5*o = -4*m + 53, 9*o + i = -m + 4*o. What is the units digit of m?
7
Suppose -2*n = -3*r + 98, 56 = r - 0*r + 4*n. Let z = 19 + r. What is the units digit of z?
5
Suppose 3*r - 5*r + 4*h + 2568 = 0, 0 = 5*r + 4*h - 6406. What is the hundreds digit of r?
2
Let b = 809 + 301. What is the tens digit of b?
1
Let b = -90 - -91. What is the hundreds digit of (16/b)/(-4) + 178?
1
Suppose -3*p = -10*u + 8*u + 80, -5*u = -p - 226. What is the units digit of u/115 + 238/5?
8
Suppose -l - l - 24 = 0. Let k = 16 + l. Suppose -2*r = -2*d - 88, -k*r + 133 = 2*d - 25. What is the units digit of r?
1
Let v(h) = -h**2 + 12*h - 2. Let q be v(11). Let z be (-3)/(q/(-6) + 0). Suppose 2*t + 0 = z. What is the units digit of t?
1
Let h(q) = -673*q + 25. What is the units digit of h(-2)?
1
Let x(m) = m**3 - m**2 + 2*m + 39. Let d be x(0). Suppose 0 = 11*u - 8*u - d. Suppose -29 = -2*l + u. What is the tens digit of l?
2
Let m(g) = 